{"id":274,"date":"2024-03-23T01:36:47","date_gmt":"2024-03-23T04:36:47","guid":{"rendered":"https:\/\/drapatriciaamore.com.br\/?page_id=274"},"modified":"2025-06-27T20:56:42","modified_gmt":"2025-06-27T23:56:42","slug":"especialidades","status":"publish","type":"page","link":"https:\/\/drapatriciaamore.com.br\/index.php\/especialidades\/","title":{"rendered":"Especialidades"},"content":{"rendered":"\t\t<div data-elementor-type=\"wp-page\" data-elementor-id=\"274\" class=\"elementor elementor-274\">\n\t\t\t\t<div class=\"elementor-element elementor-element-d85304f e-con-full e-flex e-con e-parent\" data-id=\"d85304f\" data-element_type=\"container\" data-e-type=\"container\" data-settings=\"{&quot;background_background&quot;:&quot;classic&quot;}\">\n\t\t\t\t<div class=\"elementor-element elementor-element-15c3f03 elementor-widget elementor-widget-heading\" data-id=\"15c3f03\" data-element_type=\"widget\" data-e-type=\"widget\" data-widget_type=\"heading.default\">\n\t\t\t\t<div class=\"elementor-widget-container\">\n\t\t\t\t\t<h2 class=\"elementor-heading-title elementor-size-default\">Especialidades\n<\/h2>\t\t\t\t<\/div>\n\t\t\t\t<\/div>\n\t\t\t\t<\/div>\n\t\t<div class=\"elementor-element elementor-element-9071423 e-flex e-con-boxed e-con e-parent\" data-id=\"9071423\" data-element_type=\"container\" data-e-type=\"container\">\n\t\t\t\t\t<div class=\"e-con-inner\">\n\t\t\t\t<div class=\"elementor-element elementor-element-7953f4b elementor-widget elementor-widget-text-editor\" data-id=\"7953f4b\" data-element_type=\"widget\" data-e-type=\"widget\" data-widget_type=\"text-editor.default\">\n\t\t\t\t<div class=\"elementor-widget-container\">\n\t\t\t\t\t\t\t\t\t<p>A Dra. Patr\u00edcia Amore\u00a0\u00e9 m\u00e9dica Endocrinologista e Metabologista. Dedicada, trabalha com empenho e compromisso no suporte ao paciente e na realiza\u00e7\u00e3o de tratamentos seguros e na promo\u00e7\u00e3o de h\u00e1bitos saud\u00e1veis. As especialidades atendidas s\u00e3o emagrecimento saud\u00e1vel, Tire\u00f3ide, Longevidade, Suplementa\u00e7\u00e3o alimentar, P\u00f3s-bari\u00e1trica, Reposi\u00e7\u00e3o Hormonal,\u00a0S\u00edndrome Metab\u00f3lica, Obesidade e Diabetes! Leia mais abaixo:<\/p>\t\t\t\t\t\t\t\t<\/div>\n\t\t\t\t<\/div>\n\t\t\t\t\t<\/div>\n\t\t\t\t<\/div>\n\t\t<div class=\"elementor-element elementor-element-f77ebe8 e-con-full elementor-hidden-mobile e-flex e-con e-parent\" data-id=\"f77ebe8\" data-element_type=\"container\" data-e-type=\"container\">\n\t\t<div class=\"elementor-element elementor-element-e42ac22 e-grid e-con-boxed e-con e-child\" data-id=\"e42ac22\" data-element_type=\"container\" data-e-type=\"container\">\n\t\t\t\t\t<div class=\"e-con-inner\">\n\t\t\t\t<div class=\"elementor-element elementor-element-8ae6629 elementor-widget elementor-widget-image\" data-id=\"8ae6629\" data-element_type=\"widget\" data-e-type=\"widget\" data-widget_type=\"image.default\">\n\t\t\t\t<div class=\"elementor-widget-container\">\n\t\t\t\t\t\t\t\t\t\t\t\t\t\t\t<img decoding=\"async\" width=\"169\" height=\"169\" src=\"https:\/\/drapatriciaamore.com.br\/wp-content\/uploads\/2024\/03\/emagrecimento-saudavel-sustentavel-min-1.png\" class=\"attachment-large size-large wp-image-701\" alt=\"\" srcset=\"https:\/\/drapatriciaamore.com.br\/wp-content\/uploads\/2024\/03\/emagrecimento-saudavel-sustentavel-min-1.png 169w, https:\/\/drapatriciaamore.com.br\/wp-content\/uploads\/2024\/03\/emagrecimento-saudavel-sustentavel-min-1-150x150.png 150w\" sizes=\"(max-width: 169px) 100vw, 169px\" \/>\t\t\t\t\t\t\t\t\t\t\t\t\t\t\t<\/div>\n\t\t\t\t<\/div>\n\t\t\t\t<div class=\"elementor-element elementor-element-d024470 elementor-widget elementor-widget-image\" data-id=\"d024470\" data-element_type=\"widget\" data-e-type=\"widget\" data-widget_type=\"image.default\">\n\t\t\t\t<div class=\"elementor-widget-container\">\n\t\t\t\t\t\t\t\t\t\t\t\t\t\t\t<img decoding=\"async\" width=\"169\" height=\"169\" src=\"https:\/\/drapatriciaamore.com.br\/wp-content\/uploads\/2024\/03\/endocrinologia-min-1.png\" class=\"attachment-large size-large wp-image-702\" alt=\"\" srcset=\"https:\/\/drapatriciaamore.com.br\/wp-content\/uploads\/2024\/03\/endocrinologia-min-1.png 169w, https:\/\/drapatriciaamore.com.br\/wp-content\/uploads\/2024\/03\/endocrinologia-min-1-150x150.png 150w\" sizes=\"(max-width: 169px) 100vw, 169px\" \/>\t\t\t\t\t\t\t\t\t\t\t\t\t\t\t<\/div>\n\t\t\t\t<\/div>\n\t\t\t\t<div class=\"elementor-element elementor-element-c676178 elementor-widget elementor-widget-image\" data-id=\"c676178\" data-element_type=\"widget\" data-e-type=\"widget\" data-widget_type=\"image.default\">\n\t\t\t\t<div class=\"elementor-widget-container\">\n\t\t\t\t\t\t\t\t\t\t\t\t\t\t\t<img decoding=\"async\" width=\"169\" height=\"169\" src=\"https:\/\/drapatriciaamore.com.br\/wp-content\/uploads\/2024\/03\/longevidade-min.png\" class=\"attachment-large size-large wp-image-687\" alt=\"\" srcset=\"https:\/\/drapatriciaamore.com.br\/wp-content\/uploads\/2024\/03\/longevidade-min.png 169w, https:\/\/drapatriciaamore.com.br\/wp-content\/uploads\/2024\/03\/longevidade-min-150x150.png 150w\" sizes=\"(max-width: 169px) 100vw, 169px\" \/>\t\t\t\t\t\t\t\t\t\t\t\t\t\t\t<\/div>\n\t\t\t\t<\/div>\n\t\t\t\t<div class=\"elementor-element elementor-element-af68676 elementor-widget elementor-widget-text-editor\" data-id=\"af68676\" data-element_type=\"widget\" data-e-type=\"widget\" data-widget_type=\"text-editor.default\">\n\t\t\t\t<div class=\"elementor-widget-container\">\n\t\t\t\t\t\t\t\t\t<p>Emagrecimento saud\u00e1vel<\/p><p>Especialidade que se concentra em ajudar\u00a0as pessoas a alcan\u00e7ar e manter um peso saud\u00e1vel e sustent\u00e1vel a longo prazo.<\/p>\t\t\t\t\t\t\t\t<\/div>\n\t\t\t\t<\/div>\n\t\t\t\t<div class=\"elementor-element elementor-element-c6dda87 elementor-widget elementor-widget-text-editor\" data-id=\"c6dda87\" data-element_type=\"widget\" data-e-type=\"widget\" data-widget_type=\"text-editor.default\">\n\t\t\t\t<div class=\"elementor-widget-container\">\n\t\t\t\t\t\t\t\t\t<p>Tire\u00f3ide<\/p><p><span class=\"color_14 wixui-rich-text__text\"><span class=\"wixui-rich-text__text\">Dist\u00farbios como hipertireoidismo ou hipotireoidismo s\u00e3o comuns e devem ser tratados por um end\u00f3crino.<\/span><\/span><\/p>\t\t\t\t\t\t\t\t<\/div>\n\t\t\t\t<\/div>\n\t\t\t\t<div class=\"elementor-element elementor-element-8902296 elementor-widget elementor-widget-text-editor\" data-id=\"8902296\" data-element_type=\"widget\" data-e-type=\"widget\" data-widget_type=\"text-editor.default\">\n\t\t\t\t<div class=\"elementor-widget-container\">\n\t\t\t\t\t\t\t\t\t<p>Longevididade<\/p><p>Especialidade que se concentra em prevenir e tratar doen\u00e7as relacionadas ao envelhecimento e a promo\u00e7\u00e3o de estilos de vida saud\u00e1veis.<\/p>\t\t\t\t\t\t\t\t<\/div>\n\t\t\t\t<\/div>\n\t\t\t\t\t<\/div>\n\t\t\t\t<\/div>\n\t\t\t\t<\/div>\n\t\t<div class=\"elementor-element elementor-element-71f963d e-flex e-con-boxed e-con e-parent\" data-id=\"71f963d\" data-element_type=\"container\" data-e-type=\"container\" data-settings=\"{&quot;background_background&quot;:&quot;classic&quot;}\">\n\t\t\t\t\t<div class=\"e-con-inner\">\n\t\t<div class=\"elementor-element elementor-element-50c25d4 e-con-full elementor-hidden-mobile e-flex e-con e-child\" data-id=\"50c25d4\" data-element_type=\"container\" data-e-type=\"container\" data-settings=\"{&quot;background_background&quot;:&quot;classic&quot;}\">\n\t\t<div class=\"elementor-element elementor-element-af8562e e-grid e-con-boxed e-con e-child\" data-id=\"af8562e\" data-element_type=\"container\" data-e-type=\"container\">\n\t\t\t\t\t<div class=\"e-con-inner\">\n\t\t\t\t<div class=\"elementor-element elementor-element-30da244 elementor-widget elementor-widget-image\" data-id=\"30da244\" data-element_type=\"widget\" data-e-type=\"widget\" data-widget_type=\"image.default\">\n\t\t\t\t<div class=\"elementor-widget-container\">\n\t\t\t\t\t\t\t\t\t\t\t\t\t\t\t<img loading=\"lazy\" decoding=\"async\" width=\"169\" height=\"169\" src=\"https:\/\/drapatriciaamore.com.br\/wp-content\/uploads\/2024\/03\/modulacao-hormonal-min.png\" class=\"attachment-large size-large wp-image-688\" alt=\"\" srcset=\"https:\/\/drapatriciaamore.com.br\/wp-content\/uploads\/2024\/03\/modulacao-hormonal-min.png 169w, https:\/\/drapatriciaamore.com.br\/wp-content\/uploads\/2024\/03\/modulacao-hormonal-min-150x150.png 150w\" sizes=\"(max-width: 169px) 100vw, 169px\" \/>\t\t\t\t\t\t\t\t\t\t\t\t\t\t\t<\/div>\n\t\t\t\t<\/div>\n\t\t\t\t<div class=\"elementor-element elementor-element-160c4f6 elementor-widget elementor-widget-image\" data-id=\"160c4f6\" data-element_type=\"widget\" data-e-type=\"widget\" data-widget_type=\"image.default\">\n\t\t\t\t<div class=\"elementor-widget-container\">\n\t\t\t\t\t\t\t\t\t\t\t\t\t\t\t<img loading=\"lazy\" decoding=\"async\" width=\"169\" height=\"169\" src=\"https:\/\/drapatriciaamore.com.br\/wp-content\/uploads\/2024\/03\/pos-bariatrica-min.png\" class=\"attachment-large size-large wp-image-839\" alt=\"\" srcset=\"https:\/\/drapatriciaamore.com.br\/wp-content\/uploads\/2024\/03\/pos-bariatrica-min.png 169w, https:\/\/drapatriciaamore.com.br\/wp-content\/uploads\/2024\/03\/pos-bariatrica-min-150x150.png 150w\" sizes=\"(max-width: 169px) 100vw, 169px\" \/>\t\t\t\t\t\t\t\t\t\t\t\t\t\t\t<\/div>\n\t\t\t\t<\/div>\n\t\t\t\t<div class=\"elementor-element elementor-element-f3e915f elementor-widget elementor-widget-image\" data-id=\"f3e915f\" data-element_type=\"widget\" data-e-type=\"widget\" data-widget_type=\"image.default\">\n\t\t\t\t<div class=\"elementor-widget-container\">\n\t\t\t\t\t\t\t\t\t\t\t\t\t\t\t<img loading=\"lazy\" decoding=\"async\" width=\"169\" height=\"169\" src=\"https:\/\/drapatriciaamore.com.br\/wp-content\/uploads\/2024\/03\/Reposicao-hormonal-min.png\" class=\"attachment-large size-large wp-image-840\" alt=\"\" srcset=\"https:\/\/drapatriciaamore.com.br\/wp-content\/uploads\/2024\/03\/Reposicao-hormonal-min.png 169w, https:\/\/drapatriciaamore.com.br\/wp-content\/uploads\/2024\/03\/Reposicao-hormonal-min-150x150.png 150w\" sizes=\"(max-width: 169px) 100vw, 169px\" \/>\t\t\t\t\t\t\t\t\t\t\t\t\t\t\t<\/div>\n\t\t\t\t<\/div>\n\t\t\t\t<div class=\"elementor-element elementor-element-5f17953 elementor-widget elementor-widget-text-editor\" data-id=\"5f17953\" data-element_type=\"widget\" data-e-type=\"widget\" data-widget_type=\"text-editor.default\">\n\t\t\t\t<div class=\"elementor-widget-container\">\n\t\t\t\t\t\t\t\t\t<p>Suplementa\u00e7\u00e3o alimentar<\/p><p>Assist\u00eancia relativa \u00e0 sa\u00fade nutricional com aporte do olhar m\u00e9dico, englobando vari\u00e1veis metab\u00f3licas e sist\u00eamicas.<\/p>\t\t\t\t\t\t\t\t<\/div>\n\t\t\t\t<\/div>\n\t\t\t\t<div class=\"elementor-element elementor-element-6825768 elementor-widget elementor-widget-text-editor\" data-id=\"6825768\" data-element_type=\"widget\" data-e-type=\"widget\" data-widget_type=\"text-editor.default\">\n\t\t\t\t<div class=\"elementor-widget-container\">\n\t\t\t\t\t\t\t\t\t<p>P\u00f3s-bari\u00e1trica\u00a0<\/p><p>Ap\u00f3s a cirurgia, o paciente necessita de acompanhamento com um endocrinologista e nutr\u00f3logo para ajuste do tratamento e preven\u00e7\u00e3o de complica\u00e7\u00f5es.<\/p>\t\t\t\t\t\t\t\t<\/div>\n\t\t\t\t<\/div>\n\t\t\t\t<div class=\"elementor-element elementor-element-b141e36 elementor-widget elementor-widget-text-editor\" data-id=\"b141e36\" data-element_type=\"widget\" data-e-type=\"widget\" data-widget_type=\"text-editor.default\">\n\t\t\t\t<div class=\"elementor-widget-container\">\n\t\t\t\t\t\t\t\t\t<p>Reposi\u00e7\u00e3o hormonal<\/p><p>Abordagem endocrinol\u00f3gica para repor horm\u00f4nios que o corpo n\u00e3o est\u00e1 produzindo em quantidades adequadas.<\/p><p>\u00a0<\/p>\t\t\t\t\t\t\t\t<\/div>\n\t\t\t\t<\/div>\n\t\t\t\t\t<\/div>\n\t\t\t\t<\/div>\n\t\t\t\t<\/div>\n\t\t\t\t\t<\/div>\n\t\t\t\t<\/div>\n\t\t<div class=\"elementor-element elementor-element-8c23e24 elementor-hidden-mobile e-flex e-con-boxed e-con e-parent\" data-id=\"8c23e24\" data-element_type=\"container\" data-e-type=\"container\">\n\t\t\t\t\t<div class=\"e-con-inner\">\n\t\t<div class=\"elementor-element elementor-element-21017b9 e-grid e-con-boxed e-con e-child\" data-id=\"21017b9\" data-element_type=\"container\" data-e-type=\"container\">\n\t\t\t\t\t<div class=\"e-con-inner\">\n\t\t\t\t<div class=\"elementor-element elementor-element-6f49eea elementor-widget elementor-widget-image\" data-id=\"6f49eea\" data-element_type=\"widget\" data-e-type=\"widget\" data-widget_type=\"image.default\">\n\t\t\t\t<div class=\"elementor-widget-container\">\n\t\t\t\t\t\t\t\t\t\t\t\t\t\t\t<img loading=\"lazy\" decoding=\"async\" width=\"169\" height=\"169\" src=\"https:\/\/drapatriciaamore.com.br\/wp-content\/uploads\/2024\/03\/metabolica-e1713489811426.png\" class=\"attachment-large size-large wp-image-837\" alt=\"\" \/>\t\t\t\t\t\t\t\t\t\t\t\t\t\t\t<\/div>\n\t\t\t\t<\/div>\n\t\t\t\t<div class=\"elementor-element elementor-element-ca5f99f elementor-widget elementor-widget-image\" data-id=\"ca5f99f\" data-element_type=\"widget\" data-e-type=\"widget\" data-widget_type=\"image.default\">\n\t\t\t\t<div class=\"elementor-widget-container\">\n\t\t\t\t\t\t\t\t\t\t\t\t\t\t\t<img loading=\"lazy\" decoding=\"async\" width=\"169\" height=\"169\" src=\"https:\/\/drapatriciaamore.com.br\/wp-content\/uploads\/2024\/03\/obesidade-e1713489877951.png\" class=\"attachment-large size-large wp-image-838\" alt=\"\" \/>\t\t\t\t\t\t\t\t\t\t\t\t\t\t\t<\/div>\n\t\t\t\t<\/div>\n\t\t\t\t<div class=\"elementor-element elementor-element-3004167 elementor-widget elementor-widget-image\" data-id=\"3004167\" data-element_type=\"widget\" data-e-type=\"widget\" data-widget_type=\"image.default\">\n\t\t\t\t<div class=\"elementor-widget-container\">\n\t\t\t\t\t\t\t\t\t\t\t\t\t\t\t<img loading=\"lazy\" decoding=\"async\" width=\"169\" height=\"169\" src=\"https:\/\/drapatriciaamore.com.br\/wp-content\/uploads\/2024\/03\/diabetes-1-e1713489980255.png\" class=\"attachment-large size-large wp-image-834\" alt=\"\" \/>\t\t\t\t\t\t\t\t\t\t\t\t\t\t\t<\/div>\n\t\t\t\t<\/div>\n\t\t\t\t<div class=\"elementor-element elementor-element-898efe6 elementor-widget elementor-widget-text-editor\" data-id=\"898efe6\" data-element_type=\"widget\" data-e-type=\"widget\" data-widget_type=\"text-editor.default\">\n\t\t\t\t<div class=\"elementor-widget-container\">\n\t\t\t\t\t\t\t\t\t<p>S\u00edndrome Metab\u00f3lica<\/p><p>Assist\u00eancia relativa \u00e0 sa\u00fade nutricional com aporte do olhar m\u00e9dico, englobando vari\u00e1veis metab\u00f3licas e sist\u00eamicas.<\/p>\t\t\t\t\t\t\t\t<\/div>\n\t\t\t\t<\/div>\n\t\t\t\t<div class=\"elementor-element elementor-element-8251544 elementor-widget elementor-widget-text-editor\" data-id=\"8251544\" data-element_type=\"widget\" data-e-type=\"widget\" data-widget_type=\"text-editor.default\">\n\t\t\t\t<div class=\"elementor-widget-container\">\n\t\t\t\t\t\t\t\t\t<p>Obesidade\u00a0<\/p><p>Ap\u00f3s a cirurgia, o paciente necessita de acompanhamento com um endocrinologista e nutr\u00f3logo para ajuste do tratamento e preven\u00e7\u00e3o de complica\u00e7\u00f5es.<\/p>\t\t\t\t\t\t\t\t<\/div>\n\t\t\t\t<\/div>\n\t\t\t\t<div class=\"elementor-element elementor-element-98452d9 elementor-widget elementor-widget-text-editor\" data-id=\"98452d9\" data-element_type=\"widget\" data-e-type=\"widget\" data-widget_type=\"text-editor.default\">\n\t\t\t\t<div class=\"elementor-widget-container\">\n\t\t\t\t\t\t\t\t\t<p>Diabetes<\/p><p>Abordagem endocrinol\u00f3gica para repor horm\u00f4nios que o corpo n\u00e3o est\u00e1 produzindo em quantidades adequadas.<\/p>\t\t\t\t\t\t\t\t<\/div>\n\t\t\t\t<\/div>\n\t\t\t\t\t<\/div>\n\t\t\t\t<\/div>\n\t\t\t\t\t<\/div>\n\t\t\t\t<\/div>\n\t\t\t\t<\/div>\n\t\t","protected":false},"excerpt":{"rendered":"<p>Especialidades A Dra. Patr\u00edcia Amore\u00a0\u00e9 m\u00e9dica Endocrinologista e Metabologista. Dedicada, trabalha com empenho e compromisso no suporte ao paciente e [&hellip;]<\/p>\n","protected":false},"author":1,"featured_media":0,"parent":0,"menu_order":0,"comment_status":"closed","ping_status":"closed","template":"","meta":{"site-sidebar-layout":"no-sidebar","site-content-layout":"","ast-site-content-layout":"full-width-container","site-content-style":"default","site-sidebar-style":"default","ast-global-header-display":"","ast-banner-title-visibility":"","ast-main-header-display":"","ast-hfb-above-header-display":"","ast-hfb-below-header-display":"","ast-hfb-mobile-header-display":"","site-post-title":"disabled","ast-breadcrumbs-content":"","ast-featured-img":"disabled","footer-sml-layout":"","ast-disable-related-posts":"","theme-transparent-header-meta":"","adv-header-id-meta":"","stick-header-meta":"","header-above-stick-meta":"","header-main-stick-meta":"","header-below-stick-meta":"","astra-migrate-meta-layouts":"default","ast-page-background-enabled":"default","ast-page-background-meta":{"desktop":{"background-color":"var(--ast-global-color-4)","background-image":"","background-repeat":"repeat","background-position":"center center","background-size":"auto","background-attachment":"scroll","background-type":"","background-media":"","overlay-type":"","overlay-color":"","overlay-opacity":"","overlay-gradient":""},"tablet":{"background-color":"","background-image":"","background-repeat":"repeat","background-position":"center center","background-size":"auto","background-attachment":"scroll","background-type":"","background-media":"","overlay-type":"","overlay-color":"","overlay-opacity":"","overlay-gradient":""},"mobile":{"background-color":"","background-image":"","background-repeat":"repeat","background-position":"center center","background-size":"auto","background-attachment":"scroll","background-type":"","background-media":"","overlay-type":"","overlay-color":"","overlay-opacity":"","overlay-gradient":""}},"ast-content-background-meta":{"desktop":{"background-color":"var(--ast-global-color-5)","background-image":"","background-repeat":"repeat","background-position":"center center","background-size":"auto","background-attachment":"scroll","background-type":"","background-media":"","overlay-type":"","overlay-color":"","overlay-opacity":"","overlay-gradient":""},"tablet":{"background-color":"var(--ast-global-color-5)","background-image":"","background-repeat":"repeat","background-position":"center center","background-size":"auto","background-attachment":"scroll","background-type":"","background-media":"","overlay-type":"","overlay-color":"","overlay-opacity":"","overlay-gradient":""},"mobile":{"background-color":"var(--ast-global-color-5)","background-image":"","background-repeat":"repeat","background-position":"center center","background-size":"auto","background-attachment":"scroll","background-type":"","background-media":"","overlay-type":"","overlay-color":"","overlay-opacity":"","overlay-gradient":""}},"_joinchat":[],"footnotes":""},"class_list":["post-274","page","type-page","status-publish","hentry"],"_links":{"self":[{"href":"https:\/\/drapatriciaamore.com.br\/index.php\/wp-json\/wp\/v2\/pages\/274"}],"collection":[{"href":"https:\/\/drapatriciaamore.com.br\/index.php\/wp-json\/wp\/v2\/pages"}],"about":[{"href":"https:\/\/drapatriciaamore.com.br\/index.php\/wp-json\/wp\/v2\/types\/page"}],"author":[{"embeddable":true,"href":"https:\/\/drapatriciaamore.com.br\/index.php\/wp-json\/wp\/v2\/users\/1"}],"replies":[{"embeddable":true,"href":"https:\/\/drapatriciaamore.com.br\/index.php\/wp-json\/wp\/v2\/comments?post=274"}],"version-history":[{"count":49,"href":"https:\/\/drapatriciaamore.com.br\/index.php\/wp-json\/wp\/v2\/pages\/274\/revisions"}],"predecessor-version":[{"id":2080,"href":"https:\/\/drapatriciaamore.com.br\/index.php\/wp-json\/wp\/v2\/pages\/274\/revisions\/2080"}],"wp:attachment":[{"href":"https:\/\/drapatriciaamore.com.br\/index.php\/wp-json\/wp\/v2\/media?parent=274"}],"curies":[{"name":"wp","href":"https:\/\/api.w.org\/{rel}","templated":true}]}}